*y + 68 = 2*z - 0*z, 0 = 5*z - y - m. Does 13 divide z?
True
Does 5 divide 1082/9 + ((-38)/9 - -4)?
True
Let u be -3 - -2 - (-5)/(-1). Let z = 0 - u. Does 3 divide z?
True
Let x(p) = 6*p**2 - 4 - 3*p - 2*p**3 + 0*p**3 + p**3. Is 5 a factor of x(5)?
False
Let m = -5 - -6. Suppose -m = -3*s + 17. Does 4 divide s?
False
Does 24 divide (-1732)/(-24) + (-2)/(-12)*-1?
True
Let p = 29 - -49. Is 6 a factor of p?
True
Is 9 a factor of (1 - -1) + (3 - -28)?
False
Let s be 3/2*(6 + -4). Suppose s*r + n = 8 + 2, 5*r = -5*n. Is 3 a factor of r?
False
Let b(o) be the third derivative of o**6/120 - o**5/60 - o**4/8 - o**3/2 - 3*o**2. Let f be b(3). Suppose -2*a - 52 = -f*a. Is a a multiple of 6?
False
Let x = -67 + 152. Is 44 a factor of x?
False
Suppose 16 = b + 1. Does 20 divide (b/(-2))/(12/(-32))?
True
Suppose 5*t + 438 = -3*g, 3*g - 98 = t + g. Let i be (-4)/14 + t/(-21). Suppose i*b = 3*b + 13. Is b a multiple of 13?
True
Let d(k) = 11*k - 1. Let o be d(1). Suppose -o*w + 170 = -5*w. Is w a multiple of 9?
False
Let b(r) = -r**2 + 14*r - 8. Suppose l - 6*l = -25. Suppose -l*n + 33 = -2*n. Does 9 divide b(n)?
False
Suppose 0 = -5*c + f + 73, 0 = 2*f - 3 - 1. Let k = c + -6. Is k a multiple of 9?
True
Let j = -11 + 11. Suppose -3*u + l = -j*u - 138, -u = 3*l - 46. Is u a multiple of 22?
False
Let k(f) = -f**3 + 7*f**2 + 2*f + 6. Let w be k(9). Let y be (-6)/21 + w/7. Is 11 a factor of (-8)/(-6)*(-330)/y?
True
Let l be ((-2 + 3)*-1)/1. Is l/2 - 31/(-2) a multiple of 11?
False
Let c = 54 + -33. Does 7 divide c?
True
Let v(j) = j**2 + j - 1. Suppose 4*n - 2*p - p = -8, -3*p + 9 = -3*n. Suppose 0 = 4*s - 4*c - 0 - 32, 3*s + 2*c = -n. Is 11 a factor of v(s)?
True
Let m(f) = f**3 - 7*f**2 - 2*f + 1. Let s(l) = 5*l**3 - 28*l**2 - 7*l + 4. Let x(g) = -9*m(g) + 2*s(g). Is 5 a factor of x(-3)?
False
Suppose r + 0*r - 1 = 0. Let l = r - 1. Suppose -4*a + 2*a + 80 = l. Is a a multiple of 19?
False
Let q = -91 - -132. Does 7 divide q?
False
Let p(c) = -4 - 3*c - 4*c + 5*c. Is p(-10) a multiple of 10?
False
Let f be 430/12 - 4/(-24). Is (0 - f/(-8))*4 a multiple of 18?
True
Let z be ((-6)/(-4))/((-9)/(-12)). Let t = z + 12. Does 7 divide t?
True
Suppose -3*x - 3*o + 180 = 0, x - 4*o = 13 + 47. Suppose -2*z + 0*z + x = 0. Suppose 6*u - z = 4*u. Is u a multiple of 5?
True
Suppose 6*c - 3*c = 6. Let z(b) = 1. Let d(t) = -9*t**2 - 2*t - 1. Let l(w) = -d(w) - 3*z(w). Is l(c) a multiple of 17?
False
Is 21 a factor of (-6)/(-14) + (-576)/(-28)?
True
Let a = -25 + 42. Let r = 5 - 3. Suppose r = -5*k + a. Is k a multiple of 3?
True
Let k = -17 + 82. Is k a multiple of 5?
True
Let o(l) = 7*l + 31. Let i(c) = 43 - 43 - c. Let n(h) = 6*i(h) + o(h). Does 7 divide n(-13)?
False
Suppose 5*m - 5*c = -146 - 154, 4*m + 240 = 5*c. Does 11 divide 33/2*m/(-18)?
True
Suppose 0 = -i - a + 8, 4*i = 3*i + 3*a - 4. Suppose 35 = i*w - 35. Is 7 a factor of w?
True
Suppose 0*u - 3*u + 15 = -2*v, u + 3*v = -6. Suppose -t + 28 = -u*t. Let o = -8 - t. Does 6 divide o?
True
Let d(l) = 14*l + 2. Does 19 divide d(8)?
True
Let a(y) = 4*y**2 + 2*y - 6. Does 25 divide a(4)?
False
Suppose -16*n + 90 = -11*n. Is 3 a factor of n?
True
Suppose -x - p = 7, 5*x - 15 = 4*p - 5. Let b be 0/((x + 1)*1). Suppose b = 2*d - 24 - 82. Is d a multiple of 18?
False
Let t = 0 - 25. Suppose 3*k - 110 = 2*f, 2*f + 0*k - 5*k = -110. Let v = t - f. Does 15 divide v?
True
Suppose -2*a + 3*t = -2*t - 347, 3 = 3*t. Is a a multiple of 44?
True
Suppose -4*w + 4 = -0. Let h = -2 + w. Is 2 a factor of (-1)/(-1*h/(-2))?
True
Let k = 42 + 26. Is 17 a factor of k?
True
Suppose 0 = p - 5*p. Let m(o) = o**2 - o - 10. Let c be m(p). Does 9 divide 10/4*(-108)/c?
True
Suppose -5*l + 2*i = -119, 0 = -0*l + 2*l - 3*i - 41. Does 10 divide l?
False
Suppose 5 = 3*c - 4. Suppose 3*k - 2 = k, 4*m - 35 = -c*k. Let b = m - 0. Does 4 divide b?
True
Let f = 8 - 14. Let l be f/(2 + 0) - -8. Suppose l*c = -2*i - 3 + 65, 0 = -4*c + 8. Does 13 divide i?
True
Let p(s) = -57*s - 5. Is 41 a factor of p(-4)?
False
Let q = -192 + 254. Is 14 a factor of q?
False
Let d be (-9)/(-12)*(1 - -3). Let j = d + -6. Is 7 a factor of 8 + (0 - (-3)/j)?
True
Suppose 4*h = 94 + 250. Is h a multiple of 21?
False
Suppose 0 = 2*a - 5*b + b - 20, -a - 5*b = -24. Is a a multiple of 11?
False
Let s = -12 - -17. Suppose -s*q = x, 6*q - 22 = -5*x + 3*q. Suppose 4*t + 10 = x*t. Does 5 divide t?
True
Let v be (-7 - -1)*(-6)/(-4). Let l be 6/(-3) - v*1. Let t = -3 + l. Is t a multiple of 3?
False
Suppose -34 = 5*z + 2*t, -2*z + 2 = -z - 4*t. Let l be -22 - (3 + z + 1). Let n = l - -52. Does 16 divide n?
True
Suppose m = -2*m + 54. Let a = 24 + m. Is 14 a factor of a?
True
Suppose 0 = 4*s + 4*p + p - 249, s - 4*p = 78. Does 11 divide s?
True
Let a(n) = n**3 - 4*n**2 - 6*n - 7. Let y = -1 - -1. Suppose 0*z + 3*z - 6 = y, 3*z - 36 = -5*t. Does 11 divide a(t)?
False
Let z be (0 - (-2)/(-4))*0. Let c = 3 - z. Suppose -3*w = 3*l - 24, -c = -4*w + 17. Does 3 divide l?
True
Let b(l) = -l**2 + 7*l. Let w be b(8). Let r = w + 14. Is r a multiple of 6?
True
Suppose -2*w = 5*j - 0*j - 10, -5*w + j + 25 = 0. Suppose -r = -3 + w. Is (r + 20)*(-20)/(-15) a multiple of 7?
False
Let v(w) = -12*w - 5 + 5*w**3 + 12*w. Let z(c) = 3*c**3 - 2. Let a(p) = 2*v(p) - 5*z(p). Does 17 divide a(-2)?
False
Suppose -5*h - 118 = 4*c, 5*h = c + c + 44. Suppose 0 = -y - 2*u - 2, -28 = 4*y + 4*u. Let b = y - c. Is 7 a factor of b?
False
Suppose 0 = -m - 0*m. Let z be 21/(-5 - -2) - m. Let i = z - -23. Is i a multiple of 8?
True
Suppose 3*j + 0*j = 5*u + 15, 2*u + 15 = 3*j. Is 17 a factor of (-51 - u)/((-3)/4)?
True
Let n(y) = -y**2 - 6*y + 9. Let b be n(-7). Suppose -3*v + 65 = b*v. Suppose 2*o + v = r, 31 = r - 0*o + 4*o. Is r a multiple of 8?
False
Let z(m) = 93*m + 2. Is z(1) a multiple of 19?
True
Let d(o) = 45*o**2 + o. Is d(1) a multiple of 4?
False
Suppose 3*f - 3 = j, -3*j - 3*f = 3 - 6. Let z = 18 - 0. Suppose j = 4*q - q - z. Does 2 divide q?
True
Let h = 6 - 1. Suppose h*q = 66 + 29. Is q a multiple of 19?
True
Let f be -6*(-6)/(-8)*-2. Let y = f - -23. Suppose y = 2*t + 4*j, -5*j = 5*t - 74 - 16. Is t a multiple of 10?
True
Let i(j) = j**3 + 2*j**2 - j. Let c be i(-2). Let n be -3 + 2/(3 - c). Is 3 - (-1 - 1) - n a multiple of 3?
True
Suppose 48*z - 200 = 44*z. Is 10 a factor of z?
True
Let o = -66 + 119. Suppose 3*r - o = 145. Is r a multiple of 20?
False
Is 2 a factor of (-2)/6 - (34/(-3) + 2)?
False
Suppose 39 = 5*u - 21. Let r = u - 6. Let n(v) = -v**2 + 6*v + 5. Is 5 a factor of n(r)?
True
Let s be 7/3 + (-9)/27. Suppose -3*i = 2*i - s*j - 102, -5*i = -5*j - 105. Let x = i + -10. Is x a multiple of 10?
True
Suppose 2*r - 11 = 7. Is r a multiple of 3?
True
Suppose 5*a + 57 - 22 = 0. Let n(i) be the third derivative of -i**5/60 - 3*i**4/8 - i**3 - i**2. Does 7 divide n(a)?
False
Let f = -291 - -738. Suppose w = -2*r + f, -2*r + w + 462 = -3*w. Suppose 8*q - r = 3*q. Is 15 a factor of q?
True
Suppose -28*x + 30*x = 90. Is x a multiple of 5?
True
Let w(r) = -6*r + 2. Is 9 a factor of w(-4)?
False
Suppose 20*b - 25*b = -250. Is 10 a factor of b?
True
Let x = 20 + -17. Suppose 2*h + h + 21 = l, x*l + 5*h - 91 = 0. Does 9 divide l?
True
Let y = 17 + -42. Let d = y + 43. Does 6 divide d?
True
Let f = 2 + 1. Suppose -f*q + c + 12 = 0, 4*q + c - 14 = 3*c. Suppose -2*o = q*r - 64, 0*o = r + 2*o - 16. Does 7 divide r?
False
Let o(x) = x**3 + 4*x**2 - x + 1. Let z be o(-4). Let t(h) = -h**3 + 4*h**2 + 6*h + 7. Let f be t(z). Let c = 26 + f. Is c a multiple of 19?
True
Suppose -5*h + 119 = 2*q, -59 = -2*h - 3*q - 18. Is 16 a factor of h?
False
Let l = 44 - 197. Let c be 6 - (-1 + 0)*-1. Does 11 divide 8/20 - l/c?
False
Is (-45)/30*(-104)/6 a multiple of 10?
False
Let a(m) = m**2 - 5*m + 4. Is a(-7) a multiple of 34?
False
Suppose 0 = 2*x - 4*v + 12, -2*x + 3*v + 0 = 15. Is 10 a factor of 208/7 - x/42?
True
Suppose t - 29 = -4*v, 0 = 3*v + 3*t - 7*t + 2. Does 3 divide v?
True
Let d(a) = 2*a**2 + 4*a - 3. Let k(t) = -5*t - 3 + 2 + t**2 + t. Let y be k(3). Is 6 a factor of d(y)?
False
Let v be (-1)/(-3) + 20/(-6). Let o = 7 + v. Suppose 4*t + o*a = -0*a + 80, 2*t = -a + 35. Is 6 a factor of t?
False
Let w = -125 - -209. Let q be (w/(-8))/(3/(-4)). Suppose 3*y - o = q + 22, 4*y + 3*o - 35 = 0. Is 11 a factor of y?
T